t r(x) = -4*x - 4. Let q(w) = -5*w - 4. Let h(m) = 5*q(m) - 6*r(m). Give h(6).
-2
Let m(j) = -4*j**2 + j + 4. Let q(g) = 11*g**2 - 4*g - 12. Let w(n) = -8*m(n) - 3*q(n). Suppose -3*f + 2*x - 16 = -5*f, 4*f + 5*x - 35 = 0. Calculate w(f).
-1
Let p(f) = f**3 - 3*f**2 + 3*f. Let j be (-2 - -6)*1/2. Suppose 4*h = 5*n - j*n + 6, -5*h - 5*n = 10. Let y = 3 - h. Determine p(y).
9
Suppose -3*i - 6 = -6. Let g(v) = -v - 4. What is g(i)?
-4
Let b be 1 + 1 + (-8 - 0). Let v(w) be the second derivative of -w**4/12 - 5*w**2/2 - 2*w. Let f(h) = h**2 + 6. Let q(x) = b*f(x) - 7*v(x). Give q(0).
-1
Let m(w) = w**2 - 10*w + 6. Let i be m(8). Let h = i - -5. Let c(j) = j**2 + 4*j - 7. Determine c(h).
-2
Let i(j) be the second derivative of j**4/12 - 7*j**3/6 - j**2/2 - 19*j. Let s be 12*-3*(-3)/18. Determine i(s).
-7
Let a be 1 - (2 - (-2 + 4)). Let q be a - -1 - 0/1. Let u(m) = -m**2 + 1. Let g(c) = -2*c**2 - c + 6. Let w(r) = -g(r) + 4*u(r). Calculate w(q).
-8
Let m(o) = -o**2 - 7*o. Let c be m(-7). Let d(h) = -4*h**3 + 3*h**3 + 9 - 2. Determine d(c).
7
Let j(b) = 5 - 14 - 2 - 5 + 2*b. Calculate j(11).
6
Let j(d) = -d**2 + 4*d - 3. Let q be j(5). Let u(s) = -s + 1. Let t be u(q). Let y(a) = -a**2 + 9*a - 7. Give y(t).
-7
Let w(m) = 9*m**3 + 10*m**2 + 3*m + 3. Let q(b) = -4*b**3 - 5*b**2 - 2*b - 1. Let j(f) = -7*q(f) - 3*w(f). What is j(-4)?
-6
Let h(j) = -j**2 - j - 3. Let u(r) = r - 1. Let t be u(0). Let d be t - -2*(-2)/2. What is h(d)?
-9
Let p(z) = -z**3 - 1. Suppose 5*k = k + 12. Let h(i) = 2*i**3 - 2*i**2 + 4. Let j(u) = k*p(u) + h(u). Calculate j(1).
-2
Let q = 11 + -5. Let i(x) be the second derivative of -1/20*x**5 - 3*x + 0 + 1/2*x**4 + 1/6*x**3 - 7/2*x**2. What is i(q)?
-1
Let c(f) = -f + 7. Let i(y) = y**3 + 2*y**2 + 3. Let s be i(0). What is c(s)?
4
Let n(z) be the second derivative of z**7/840 + z**6/360 + z**4/24 + z**3/6 - z. Let v(o) be the second derivative of n(o). Let m = 1085 - 1087. Calculate v(m).
-3
Suppose -5*z = -5*s - 20, 0*s = -4*s + 5*z - 16. Let y(q) = 2*q**3 - 4*q**2 + 2*q + 1. Let b be y(2). Let x(m) = -m - m + m**2 + 1 + b*m. Give x(s).
5
Let w be (-2 - -6) + (-2)/1. Let p(x) = x + 3*x - 1 - 2 - w*x. Calculate p(-3).
-9
Let k(b) = -b - 2. Let s be k(-5). Let w be 18/1*2/s. Let u = w + -6. Let r(i) = i - 3. Calculate r(u).
3
Let j = 15 + -5. Let l(w) = -w**2 + 9*w + 6. Give l(j).
-4
Let l(r) be the first derivative of 3*r**2/2 - 23. Suppose k = 3*z - k + 4, -z = -2*k. What is l(z)?
-6
Let t(q) be the third derivative of -q**6/720 + q**5/60 - q**4/12 - 4*q**2. Let i(w) be the second derivative of t(w). Determine i(-4).
6
Let a(c) = 3*c + 19 - 16 - 4*c. Determine a(0).
3
Let o(n) = -5*n - 1. Let g = -122 - -120. Determine o(g).
9
Let p(i) be the third derivative of -i**4/24 + 5*i**3/6 - 9*i**2. What is p(4)?
1
Let n(h) = h**3 - 5*h**2 - 2*h - 2. Let t be 2/3*(-90)/(-12). Determine n(t).
-12
Let a(d) = d - 6. Suppose -8*x = -5*x - 21. What is a(x)?
1
Let m(k) = -k + 10. Let l(q) = -q + 9. Let d(v) = -3*l(v) + 2*m(v). What is d(4)?
-3
Let t(b) be the second derivative of b**4/12 - 4*b**3/3 + b**2/2 + 4*b. What is t(8)?
1
Let q(d) be the third derivative of d**6/120 - d**5/10 + d**4/6 - d**3/2 + 24*d**2. Calculate q(4).
-19
Let w(k) be the third derivative of k**6/180 + k**5/120 - k**4/3 - 8*k**2. Let s(p) be the second derivative of w(p). Calculate s(-1).
-3
Let r = 0 + 0. Let w(i) = i**2 + r + 0 - 3*i. Let j be (-33)/(-9) + (-6)/9. Determine w(j).
0
Let h = 2 + 0. Let o(d) = 2*d**h - 4*d**2 + 3*d**2 + 6 + d. Determine o(0).
6
Let f = 14 - 6. Let q(j) = 10*j - 5 - f*j + 1 + 0. What is q(5)?
6
Suppose 0 = -2*u - 0 - 12. Let b(c) = -c**3 + 6*c**2 - 2*c + 6. Let s be b(6). Let x = s - u. Let r(w) = -w + 6. Give r(x).
6
Suppose 0 = -2*t + 8, 3*i + 5*t = 7*t + 10. Let o(q) be the second derivative of -q**5/20 + 5*q**4/12 + 4*q**3/3 - 9*q**2/2 + q. Give o(i).
3
Let d(m) = m**2 + 2*m - 2. Let y = -4 - 0. Let n be 3/12 - 7/y. Determine d(n).
6
Suppose -2*d + 12 = -5*d. Suppose 0 = -2*n + n + 1. Let w(v) = -v**2 - 3 + n - 5 - 6*v + 4. Determine w(d).
5
Let i(r) be the second derivative of -r**6/360 - r**5/120 + r**4/24 + r**3/6 - 2*r. Let g(q) be the second derivative of i(q). Calculate g(-2).
-1
Let l(x) be the first derivative of -1/12*x**4 - 2*x**2 + 1 + x + 5/6*x**3. Let j(b) be the first derivative of l(b). Give j(5).
-4
Let x(h) = 16*h**2 - 14*h + 3. Let c(j) be the first derivative of 5*j**3/3 - 5*j**2/2 + j - 1. Let w(y) = 17*c(y) - 6*x(y). Calculate w(-1).
-11
Let f(p) = -4*p. Suppose 3*m - m + 11 = -w, -3*m - 14 = w. Give f(m).
12
Let a(p) = p**3 - 3*p**2 + p. Let s be a(3). Let q = -3 + s. Suppose q = 3*k + 3. Let d(i) = 5*i**3. Give d(k).
-5
Suppose 5*g - g = -2*v + 4, -2*v - 2*g = -10. Suppose 0*x = -4*x + v. Let b(c) = 6*c + 7. Let s(k) = 9*k + 11. Let i(m) = 8*b(m) - 5*s(m). Give i(x).
7
Let f(y) = -7*y**3 + 8*y**2 + 11*y + 2. Let v(z) = -5*z**3 + 7*z**2 + 10*z + 2. Let w(j) = 2*f(j) - 3*v(j). What is w(6)?
-14
Let w = -12 + 15. Suppose w*t + t = -20. Let l(g) = g - 6. Give l(t).
-11
Suppose 0 = 4*r - 0*r + 20. Let i(l) = -2*l - 4. Give i(r).
6
Let s(g) = -g + 1. Let t(l) = 2*l + 11. Let k(m) = s(m) - t(m). Give k(-7).
11
Let y(s) = 2*s**3 - s + 0*s**2 - s**2 + 4*s**2 + 2 - s**2. What is y(-2)?
-4
Let q(y) = 3*y**2 + 7*y - 4. Let m(b) = -3*b**2 - 8*b + 4. Let d(c) = 3*m(c) + 4*q(c). Let h(v) = -v**2 - v + 1. Let w(x) = -d(x) - 2*h(x). Calculate w(-4).
-6
Let a(k) be the third derivative of -5*k**2 - 1/60*k**5 + 1/3*k**3 + 0 + 0*k + 1/12*k**4. Determine a(4).
-6
Let j(m) = -m**2 - 10*m - 10. Suppose 10 = -2*q - 8. Calculate j(q).
-1
Let y(v) = -1 - 53*v**2 + 56*v**2 + 0*v + 0*v**3 - 3*v + v**3. Let m(h) = -3*h**3 - h**2. Let w be m(1). Calculate y(w).
-5
Let j(k) = 9 - 14*k + 13*k - 1. Suppose 0 = 5*v - 0*v. Give j(v).
8
Let d(a) = -a**3 - 2*a**2 + 6*a - 6. Let s be d(-4). Let y(r) be the second derivative of r + 1/6*r**3 + 0 + 0*r**s. Give y(0).
0
Let t(b) = -b**3 + b**2 + 1. Let n(d) = 2*d**3 - 10*d**2 - 8*d - 9. Let f(v) = n(v) + 3*t(v). What is f(-6)?
6
Let b(a) = a**2 - 1. Let z be b(1). Suppose -3*f + n + 73 = z, f = n + 4*n + 15. Suppose -3*k + 8*k + f = 0. Let p(d) = d**2 + 8*d + 7. Calculate p(k).
-8
Let c = -5 - -10. Let a(z) = z**3 - 5*z**2 + 2*z + 4. Determine a(c).
14
Let v(l) = 2*l**2 - 15*l + 20. Let w be v(6). Let q(f) be the first derivative of f**4/2 - 2*f**3/3 - f**2 + 1. Calculate q(w).
4
Let g(m) be the second derivative of -m**6/360 + m**3/6 - m. Let v(o) be the second derivative of g(o). Let a = -140 + 140. Determine v(a).
0
Let m(x) = x**3 - x**2 + 3*x + 1. Let i(p) = -p**3 + 2*p**2 - 2*p - 2. Let u(k) = -3*i(k) - 2*m(k). Let y be 20/70 + (114/(-21))/(-2). Calculate u(y).
-5
Let v(b) = -3*b + 6. Let g(k) = -k**2 + 2*k + 3. Let w be g(3). Suppose 0 = j - 2*p - w*p + 9, 2*j + 2*p - 12 = 0. Let c be j*-2*1 - -7. Determine v(c).
-9
Let f(s) = 8*s - 6. Let d(p) = p**2 + p + 1. Let t(q) = -d(q) + f(q). Give t(5).
3
Let w(o) be the second derivative of o**5/20 + 5*o**4/12 + 7*o**3/6 + 2*o**2 + o. Let h(b) = -b**3 + 8*b**2 - b + 4. Let v be h(8). Give w(v).
-8
Let r(q) = -q**3 - 3*q**2 + 2*q - 3. Let k(b) = b**2 + 11*b - 16. Let o be k(-12). Determine r(o).
5
Let f(c) be the first derivative of c**3/3 + 5*c**2/2 - 3*c + 19. Give f(-5).
-3
Let w(l) = 4*l**3 + 1 - l - 501*l**2 + 499*l**2 - l - 2. What is w(-1)?
-5
Let d(j) = -5*j**3 + 18*j**2 + 15*j + 11. Let r(n) = 2*n**3 - 9*n**2 - 8*n - 6. Let p(h) = -3*d(h) - 7*r(h). What is p(-8)?
-15
Let o(k) be the third derivative of -1/24*k**4 + 0*k + 0 + k**3 - 5*k**2. Give o(0).
6
Let j(a) = 4 - 1 + 2 - 4 + 10*a - 12*a. Suppose -3*z - 7 = 2*q, 3*q + 1 = -5*z - 11. Give j(q).
-1
Let h be 0*(-1)/(-3) - 3. Let k(g) = 2*g**2 + 4*g. Determine k(h).
6
Let g(x) = -x**2 - 6*x - 1. Let j(m) = -3*m**2 - 20*m. Let w be j(-7). What is g(w)?
-8
Let n(z) = z + 1. Let c(s) = 7*s + 2. Suppose -2*t = t - 3. Let d(f) = t*c(f) - 6*n(f). What is d(-3)?
-7
Let m(x) be the first derivative of x**5/60 + 3*x**4/8 + 4*x**3/3 - x**2/2 + 3. Let d(r) be the second derivative of m(r). What is d(-6)?
-10
Let o = 0 + 6. Let y(h) = 0*h**3 + 1 - o + h**3 - 1. Suppose 4*z = -2*u - 10, 5*z - 25 = 4*u + u. Calculate y(z).
-6
Let p(b) = 6*b**2 + 3*b - 2*b**2 - 6*b**2 + 1. Determine p(3).
-8
Let p(g) =